 the remainder when i is divided by 51.
49
Let b(l) = 3*l**3 - 50*l**2 + 97*l - 24. What is the remainder when b(15) is divided by 10?
6
Suppose 50 = 5*w - 3*w. Calculate the remainder when 92 - (1 - 0 - 0) is divided by w.
16
Suppose 549*j - 4798 - 816 = -253*j. What is the remainder when 999 is divided by j?
5
Suppose 16 = -d + 5*z + 39, -5*z + 29 = 3*d. Let o = 91 - 30. What is the remainder when o is divided by d?
9
Suppose 4*s = -3*h - 0*s + 3103, 5*s = -8*h + 8286. Calculate the remainder when h is divided by 52.
49
Let m(x) = 11*x - 30. Let l be m(5). Suppose -17*v = -22*v + l. Suppose -v*a + 24 - 4 = 0. What is the remainder when 6 is divided by a?
2
Suppose 2*a + 5376*w = 5380*w + 272, -3*a + 5*w + 402 = 0. Calculate the remainder when a is divided by 9.
7
Let c(l) = 787*l - 18543. What is the remainder when 1253 is divided by c(24)?
218
Let d be 17*(-6)/(-10) - 8/40. Calculate the remainder when 91 is divided by 5904/360*d/(-2 - -4).
9
Let h be 3/(-5) + (58/5 - -2). Let q = h - 11. Suppose 2*u = -4*f + 70, 7*u + q*f = 2*u + 159. What is the remainder when u is divided by 18?
13
Let s be 174 + -3*(-2)/6. Suppose 5*h - s = 20. Calculate the remainder when 194 is divided by h.
38
Let s(b) = -17*b + 11. Calculate the remainder when (-2 + 1)/((-4)/(-1272)*-6) is divided by s(0).
9
Let o be 11/2*5244/46. Suppose -5*w + w + 390 = 3*x, 0 = 5*x - w - o. What is the remainder when x is divided by 12?
6
Let a(q) = -q**3 + 39*q**2 + 32*q + 544. Calculate the remainder when 1137 is divided by a(40).
17
What is the remainder when (-452)/(-1356) - (0 + 3226/(-6)) is divided by 403?
135
Let j = 119 + -111. Suppose -4*a + 4*g = -1376, j = -0*g + 2*g. Suppose 10*n - a = -2*n. Calculate the remainder when 84 is divided by n.
26
Let y(u) = 3*u**3 + 2*u**2 + 8*u + 6. Let c(x) = -x**3 - 1. Let q(b) = -2*c(b) - y(b). Calculate the remainder when q(-3) is divided by 15.
14
Let m = -12 - -15. Calculate the remainder when 25 is divided by (-16)/(-24) - m/((-27)/12).
1
Let a(x) = 10*x - 24*x + 10*x + 15. Calculate the remainder when 666/12 - 3/(-6) is divided by a(0).
11
Suppose 0 = 4*r + 4*l - 1552, 5*r - 1558 = r - 5*l. What is the remainder when 765 is divided by r?
1
Suppose -37 = -11*i + 106. Let f be 0 + 1 - (-5 - 9). Let o = f - i. What is the remainder when 3 is divided by o?
1
Calculate the remainder when (-2205)/294*((-220)/6 + 2) is divided by 57.
32
Suppose -4*x = -3*k + 380, 0 = -5*k + 417*x - 416*x + 622. Calculate the remainder when 739 is divided by k.
119
Suppose -a = 16 + 8. Let o = a - -39. Suppose 0 = -4*s + 570 - 154. Calculate the remainder when s is divided by o.
14
Let a = -16 - -25. Suppose 1106*z - 1100*z = -3390. Let l = 606 + z. Calculate the remainder when l is divided by a.
5
Suppose -5*x + 600 = a, 4*a = -3*x + 6*a + 347. Let g = x - 60. Calculate the remainder when 175 is divided by g.
57
What is the remainder when ((3 - 5) + -7)*-59 is divided by 49?
41
Let i be (-2)/(24/153)*504/27. Let w = i - -558. Calculate the remainder when w is divided by 46.
44
Let a(i) = -i**2 + 3*i + 3. Let u = -88 + 91. Let p be a(u). Suppose 0*w = 5*l - p*w - 223, -5*w = -5*l + 225. Calculate the remainder when l is divided by 24.
20
Let w be 4 - (40/5 - 599). Let b = w + -591. Calculate the remainder when 47 is divided by b.
3
Let s(n) = -n**2 + 22*n - 16. Let o be s(21). Suppose 3*p + 177 = -0*l + 5*l, o*l - 179 = p. Calculate the remainder when 130 is divided by l.
22
Let h = 4017 + -3715. What is the remainder when h is divided by 82?
56
Suppose -2*t + 4 = 0, -t = -q - 3*q + 78. Suppose -3*y - 4*p + q = 0, -45 = -5*y - 20*p + 25*p. Calculate the remainder when 15 is divided by y.
7
Let z(p) = -5*p**2 - 56*p - 107. Calculate the remainder when z(-6) is divided by 13.
10
Let g = -1758 + 1791. What is the remainder when 281 is divided by g?
17
Let b be (27/(-2))/(6/8). Let i = -181 - -196. What is the remainder when i is divided by ((-6)/(-4))/(b/(-48))?
3
Suppose 2553 = 5*x + 88*s - 89*s, 0 = 3*x + 4*s - 1564. Calculate the remainder when x is divided by 5.
2
Suppose -3*d - 3*y + 1050 = 0, -4*d + 46*y = 44*y - 1382. Calculate the remainder when d is divided by 4.
3
Let n(b) = 4*b**3 - 21*b**2 - b - 71. What is the remainder when n(6) is divided by (7/(-3))/(2/(-6))?
3
Let a = 21395 - 10008. Calculate the remainder when a is divided by 67.
64
Suppose 168 = g - 4*g + 3*j, -3*g - 4*j - 203 = 0. Let x = -48 - g. What is the remainder when 47 is divided by (x - 1) + 5 + -1?
15
Let t(n) = 7*n**3 + n**2 - 25*n + 5. Let y(r) = 2*r**3 - 9*r + 2. Let w(f) = -4*t(f) + 11*y(f). What is the remainder when 35 is divided by w(-2)?
3
Let k(u) = 14*u**2 + u + 1. Let t(d) = d**3 - 19*d**2 + 24*d - 94. Suppose 8 = 2*w - 28. What is the remainder when k(-2) is divided by t(w)?
13
Let n(d) = 2*d**2 - 2*d - 15. Let c = -21 - -16. Let u be n(c). Let a = u - 33. What is the remainder when a is divided by 3?
0
Let p be 19/((-114)/12)*360/(-1). Suppose 22*k - p = 12*k. Let u = -8 - -23. Calculate the remainder when k is divided by u.
12
Calculate the remainder when (-9)/6*152/(-6) is divided by (-1)/((-9)/33*(-1)/(-6)).
16
Let z = -191 + 279. What is the remainder when z is divided by (141/(-470)*5)/((-2)/36)?
7
Let z = 2094 + -2035. Suppose 0 = q - 5*a - 14, q - 16 = -4*q - 2*a. What is the remainder when z is divided by q?
3
Let a(z) = 2*z - 49. Let q be ((1 - 0) + -70)/(93/(-62)). What is the remainder when 128 is divided by a(q)?
42
Suppose 696*v = 704*v - 3816. What is the remainder when v is divided by 7?
1
Let a be 15756/78*2/4. Suppose a*z - 97*z - 64 = 0. Calculate the remainder when (92/3)/(1/3) is divided by z.
12
Suppose 36 = -2*z - 20. Let c = -12 - z. Suppose 0 = 12*h - c*h + 124. Calculate the remainder when 123 is divided by h.
30
Let p = 823 - 600. What is the remainder when p is divided by 19?
14
Let g be (-10)/((2/(-1))/1) + -2. Suppose g*z - 2 = -4*b + 5, 0 = -5*b - 10. Calculate the remainder when z is divided by 4.
1
Let c(u) = u**3 - 12*u**2 - 11*u - 16. Let a be c(13). Calculate the remainder when 1*((-2261)/(-21) - a/6) is divided by 2/(-2 - (-74)/36).
34
Suppose -7*y + 50 = 18*y. Calculate the remainder when (272/(-14))/(y/(-7)) is divided by 16.
4
Let u = -748 - -787. Calculate the remainder when 171 is divided by u.
15
Let p(f) = 4*f**2 - 7*f - 2. Suppose 0 = 20*l - 44*l + 168. Calculate the remainder when p(5) is divided by (5 - 9)/(l/(-56)).
31
Calculate the remainder when (-15)/2*(-46)/5 is divided by (-2)/(-9) - 2816/(-288).
9
Let y = 9560 + -9523. What is the remainder when 1477 is divided by y?
34
Let z = -6 - 71. Let h be ((-484)/z)/((-2)/(-7)). Suppose 5*m - 38 = h. Calculate the remainder when 18 is divided by m.
6
Let g = -12472 + 12505. What is the remainder when 126 is divided by g?
27
What is the remainder when -4*(-7)/224 + (-232749)/(-88) is divided by 6?
5
Let i be -5*(9/(-7) - 2/(-7)). Suppose -3*m - 252 = -i*b - 2*m, 0 = -3*b - m + 148. Calculate the remainder when b is divided by 8/(-2)*115/(-20).
4
Suppose -455*c + 2*b - 216 = -457*c, 426 = 4*c + 2*b. What is the remainder when 3988 is divided by c?
103
Let l(h) = -64*h + 2126. Calculate the remainder when 475 is divided by l(32).
7
Let k(u) = 9*u**2 + 141*u - 69. What is the remainder when k(-17) is divided by 70?
65
Suppose 3*f + 789 = 3*t, 28*f - 33*f + 554 = 2*t. What is the remainder when 2371 is divided by t?
235
Suppose 6*b - 12*b - 462 = 0. Let d = b - -89. What is the remainder when 678/21 + (-4)/14 is divided by d?
8
Let m be (-110)/(-8) + (2 - (-42)/(-24)). Let f be (19 - m)*(1 - 0). Suppose h - 14 = -2*s + 3*s, f*s = h - 14. What is the remainder when 48 is divided by h?
6
Let j(a) = -2144*a + 8836. Calculate the remainder when 2335 is divided by j(4).
255
Let x be -1 - -1 - (8 + -13). Let r(h) = h**2 - 6*h + 2. Let j be r(x). What is the remainder when (210/24 - j/12)*7 is divided by 16?
15
Let g be (2488/24)/(7/3 - 2). Let z = 341 - g. What is the remainder when 16*(22/4)/1 is divided by z?
28
Let o(x) = -14*x**3 + 3*x**2 - 74*x - 5. Let a(v) = 5*v**3 - v**2 + 25*v + 1. Let i(c) = 17*a(c) + 6*o(c). Calculate the remainder when 22 is divided by i(-4).
7
Suppose 30 = 2*y + 2*o, -187*y + 189*y - 5*o = 44. What is the remainder when 3974 is divided by y?
13
Cal